 -19 - -3 - (-626 + 626)?
-16
Evaluate 14 + -3 + (-15 - -4) + -11.
-11
28 + -11 + (3 - 8)
12
What is the value of -3 - (-22 + 12 + -15)?
22
Evaluate -5 - (-2 + -12 + 27).
-18
2 - (1 - 6) - (-14 - (-19 - -9))
11
-17 + (10 - 10 - ((5 - 2) + -9))
-11
-18 + 22 + (-7 - -1) - -10 - -9
17
Evaluate (-7 + 5 - -1) + (21 - (-1 + 4)).
17
Evaluate -2 + 41 + -26 - (-1 + 22).
-8
Evaluate 8 - (71 + -65) - (-6 + (1 - 2)).
9
Evaluate (31 + 3 + -18 - 31) + -7 + -1.
-23
Calculate -3238 + 3250 - (0 + 6).
6
Calculate -7 - ((-19 - -9) + 1 + 5).
-3
Evaluate -12 + 6 + -11 + (12 - 5).
-10
What is the value of 8 - (-6 - (7 - 9) - (0 - 0))?
12
What is the value of -5 + (6 - 3 - -5)?
3
15 - (17 - 7) - (-10 + -4)
19
What is the value of -8 - (17 + 3 - 11)?
-17
What is the value of 6 + -13 + -3 - (-13 + 3 + -2)?
2
Calculate 9 - -2 - (53 + -23).
-19
What is the value of -16 - (1 - (19 - 14) - (-1 - 6))?
-19
What is 0 + -29 - 5 - -23?
-11
Calculate -1 - 15 - (26 + -46 + 8).
-4
-184 + 193 - (3 + -5)
11
(-3 + 2 + 0 - -1) + (-4 - 0)
-4
What is -2 - (13 - (8 - -14)) - (1 + 17)?
-11
-3 - (-27 + 50 + -42)
16
Calculate -2 - (-6 - -23 - 13).
-6
What is -3 + (9 - 10) + (-8 - 3) + -5?
-20
What is the value of -4 + (-7 - -9) + 6 + -3 - -6?
7
625 + -637 + (-1 + 0 + 1 - 0)
-12
12 - 12 - (1 + -1 - (24 + -26))
-2
What is (-22 + 8 - -12) + -2 + 1 + 1?
-2
Calculate (2 - -47) + (11 - 4) + -18.
38
Calculate 209 + -215 - (-4 - -4 - -8).
-14
Calculate 1 - (5 + 3) - 13.
-20
What is the value of -1 + 3 - (1 + 9 + 8 + -7)?
-9
Calculate -23 + 57 + (-1 - 7) - 7.
19
Evaluate -48 + 40 + -4 + 0.
-12
Evaluate 2 - (-12 + 15 + (0 - 4)).
3
-6 + -1 + -5 + (3 - -6) + 2
-1
What is the value of 32 + -139 + 130 + (-1 - 3)?
19
What is the value of (-1 - 4 - -17) + (1 - 1) - 9?
3
Calculate (0 - -2) + 8 - (-32 - -47).
-5
14 - 8 - ((11 - 34) + (0 - -4))
25
What is -1 + -1 - (-8 + (7 - -2) + -1)?
-2
Calculate (4 - -2 - (264 - 245)) + 8.
-5
What is 9 + (-5 - 8) + 10 + 3 + -3?
6
What is (14 - 2) + 13 + -37?
-12
Evaluate 19 - ((0 - 11) + 15).
15
What is -5 + (4 - (8 + -10) - -2)?
3
What is the value of 0 + -2 - 17 - (729 + -731)?
-17
-6 - (0 - -2 - (-5 - (12 + -17)))
-8
Evaluate (-13 - (-51 - -24)) + 1 + 1.
16
19 - (24 + -30 + 27)
-2
2 + -1 + -43 + (44 - 6)
-4
What is the value of 153 + -144 + (2 - 0)?
11
Evaluate -3 - (0 + (14 - 36)).
19
What is -3 - 0 - (3 - (10 - -2)) - -6?
12
220 - 236 - (-6 - 0)
-10
Evaluate -6 + (9 - -1) - -4.
8
24 - (-1 + 37 + -14)
2
6 - (1 + 4 + -13 + 23 + -16)
7
What is 4 + (0 - -5) + -16?
-7
What is the value of (9 - (-11 - -21)) + -7?
-8
21 + 22 + -4 + -26
13
What is (-26 - -7) + -16 - -17?
-18
Calculate 21 + -20 + -23 - -21.
-1
Evaluate (2 + -4 - 1) + (0 - -1) + -1.
-3
Calculate -18 + 3 + (10 - 20) + 15.
-10
(-19 - (-3 - -1)) + (-319 - -318)
-18
Evaluate -10 + (-2 - (-11 + 9)) + -7 + 3.
-14
-45 + 45 + 2 + -13
-11
Calculate 11 + -8 + -4 + -22.
-23
Calculate (-2 - 3) + (-1 - -13) - (18 + -20).
9
What is the value of (-5 - -3 - -1) + (7 - 7) + 1?
0
Calculate (-16 + 2 - -5) + (1 - (7 - 1)).
-14
What is 5 + (-3 + -4 - 1) - (7 + -12)?
2
Evaluate 14 - (1 + 0 + 15 - 4).
2
Evaluate 3 + (0 - ((-2 - -4) + 8) - 5).
-12
Evaluate 28 + 7 - 39 - (-24 - 3).
23
What is 27 + (-52 - -26) + (-2 - -11)?
10
Evaluate 15 - 24 - -19 - 19.
-9
Evaluate 2 - (12 - -5 - 7).
-8
Calculate 19 + (34 - 43) + -12 + 0.
-2
What is (-1 - 1 - (0 + 3)) + (305 - 308)?
-8
What is the value of (-11 - -7) + -3 - (5 + -2)?
-10
What is (27 - 5 - 1) + -12 + -24?
-15
Evaluate (6 + -23 + 11 - -15) + -8.
1
What is the value of -781 + 782 + -1 + -26?
-26
Calculate -2 - -3 - (48 + -72 + 29).
-4
What is (9 + -5 - 12 - -3) + 4 + -1?
-2
Calculate (11 + -50 - -14) + 13.
-12
19 + (-60 - -38) - (10 + (0 - 0))
-13
(11 - 26 - -4) + (6 - 2) - -2
-5
What is the value of (0 - 7) + 7 + 0 + 17 - 2?
15
Calculate 0 + (0 - 12) + 7 + 8 + -6.
-3
Evaluate (18 + -15 - -6) + 14.
23
-4 - -7 - (18 - 2)
-13
Evaluate -1 - 8 - -22 - (6 + 1).
6
What is 4 + (1 - 6) + (-6 - -1 - 1)?
-7
Calculate -2 + (-5 + 12 - (7 - 10)) + -9.
-1
Calculate (84 + -70 - (2 + 4)) + (-8 - 1).
-1
(-6 - -2 - -8) + -18 + 8
-6
What is the value of -14 + (39 - (3 - 11))?
33
-9 + -20 + (22 - -27)
20
What is 10 - (0 + 1) - (60 - 58)?
7
(15 - (-4 - -12)) + 4 + -19
-8
What is the value of (7 - (-13 + 32)) + 38?
26
Evaluate 4 - (-15 + (37 - 9)).
-9
Calculate -1 + -4 + 2 + 4 + 8.
9
What is (2 - (-2 - -18)) + -10 + 18 + -9?
-15
What is the value of (2 - -31) + 8 + -22?
19
Calculate 0 - (23 - (4 + 11 + -12)).
-20
Calculate (-6 - -11) + -5 - (-31 + 7).
24
Evaluate -3 + (1 - 7 - (-7 + 6 + -1)).
-7
Calculate (-17 - (25 + -10)) + (1 - (10 + -2)).
-39
Evaluate (-20 + (-2 - -9) - -3) + 19.
9
Evaluate (3 + -10 - -7) + -20.
-20
Evaluate (-33 + 10 - 10) + 7 + 6.
-20
What is -8 - -8 - (2 + 7 + 1)?
-10
Evaluate -1 + -5 + -3 + 3 + 0 - -15.
9
-3 + -9 + 20 + -13 + (-1 - 5)
-11
Calculate -27 + 26 - (-1 - (1 - 0)).
1
Evaluate (-21 - -3) + 10 + (4 - (12 + -6)).
-10
What is the value of 14 - 6 - (-50 - -75)?
-17
What is the value of 0 + 2 - (20 - 21) - (-6 - -5)?
4
Calculate 7 + -4 + 0 - (-1 - -2).
2
What is the value of -334 + 334 + (0 + 1 - (2 - 4))?
3
What is -6 - (-8 + 10) - 16 - (-13 + 5)?
-16
Calculate 95 + -86 + -4 + -3 + (0 - -2).
4
What is 28 - 34 - (-2 - 12 - (1 + 0))?
9
What is the value of 14 + -13 + 3 - (-1 + 1) - 1?
3
Evaluate -13 + (38 - (-6 + 16)).
15
Evaluate 6 - (-2 + (21 - 0)) - -27.
14
Evaluate 19 + -5 + 5 + -16.
3
What is 0 + -4 + 8 - (14 + 1)?
-11
Evaluate -11 + (4 - 2) - (-12 + 2 + 11).
-10
Calculate (24 + -18 - (-1 - -2)) + -2 + 5.
8
What is ((10 - 9) + 12 - -2) + -36?
-21
What is (-22 - -12) + (12 - (-2 + -2 + 10))?
-4
5 - 1 - (21 - 15)
-2
Calculate (16 - (-9 - (-3 - 14))) + -18 - 0.
-10
What is the value of 3 - (-8 - (1 - 0 - 3)) - 3?
6
What is (5 - (9 - (-1 - -18))) + 4?
17
Calculate (-17 - -5) + -8 + 26 + -1.
5
What is 21 + -44 + (80 - 84 - (0 - 7))?
-20
Calculate 13 + -4 - 17 - (14 - (8 - 3)).
-17
What is -3 - (0 + -11 + 5 + -12)?
15
(30 - (19 + -11)) + (1 - -6)
29
Evaluate (-3 - 11 - -2) + 3.
-9
-23 + (14 - (-4 - -6))
-11
-1 + -6 + 5 + (4 - -5)
7
What is the value of -5 + (6 - 21 - -12)?
-8
1 - -19 - (-57 - (-13 - 53))
11
What is (-18 - (-17 - -5)) + 19?
13
What is the value of 18 + 5 + (-5 - 13)?
5
What is 4 + -7 - -1 - -1 - (-13 + 6)?
6
Evaluate (15 - 0) + (124 - 138) + -6.
-5
Calculate (17 - 13) + -23 + 19.
0
What is the value of -9 + -11 + 18 + 1?
-1
What is -20 - (-14 + -24 + 22)?
-4
-11 - (-11 - (20 + -11))
9
What is the value of (4 - (-10 + 12)) + (16 - (-1 + 2))?
17
Calculate 29 + -11 + -25 - (0 + 1 - 2).
-6
What is 30 + (-33 - -11) + 10?
18
What is -20 + 21 + -7 - -8?
2
What is (31 - (22 + -3)) + -15?
-3
What is the value of -22 - (-3 - (7 + 9))?
-3
(1 - (0 - 7)) + -2538 + 2521
-9
What is 7 + (-1 - -13 - 8) + -32?
-21
What is 5 + -2 + 13 + -9 - -8?
15
23 - 0 - (-531 - -533)
21
(7 - 3) + 41 + -38
7
What is (34 - 0) + -238 + 223?
19
Calculate 6 - ((-6 + 7 - (-11 + 5)) + -7).
6
What is 2 + (27 - 13) + -4?
12
2 - (4 - 0) - (-19 + 23 + 4)
-10
What is the value of -72 + 72 + 21 + 1?
22
What is the value of 4 - (16 + -1 - (13 + -26 + 22))?
-2
Evaluate -8 - (-31 + 47 + -57).
33
What is (17 - 18) + 15 + -19?
-5
-2 - (7 - 13 - (2 + -4 - -12))
14
Evaluate -29 + 1 + 2 + (-15 + 19 - -4).
-18
Calculate (-9 - (13 + (7 - (-9 + 17)))) + 7.
-14
What is the value of -12 + (16 - 8) + -3?
-7
What is the value of (-17 - (23 + -12)) + 55?
27
8 + 5 + -8 + -4
1
What is 16 + (-21 - 26 - -25)?
-6
What is (-4 - (-5 + 3)) + (5 - -4 - 5)?
2
Calculate -31 + 12 + -7 - (1 + -1 + -9).
-17
Evaluate (-13 - (6 - 14)) + 1.
-4
Evaluate (97 - (84 + 4)) + (0 + -1 - -2).
10
What is the value of (-3 - (4 + -22)) + 8 + 1 + -5?
19
Calculate -16 - (1 + 0 + 5 + (-14 - -4)).
-12
Calculate 13 + 1 + (-6 - 2).
6
Calculate 36 + -124 + 32 + 33.
-23
Calculate -8 + (14 - (15 + -3 - 4)) + -7.
-9
What is (-9 - (-12 + 5)) + 5 + -5 + 4?
2
What is -3 + -4 + (1 - (3 - -3)) + 9?
-3
What is the value of (31 + 27 - 45) + 21?
34
Evaluate -14 - (2 + (-5 - 15)).
4
What is the value of 9 - 1 - -4 - 10?
2
Evaluate 11 + (-16 - -4) - 9.
-10
Evaluate -12 + (15 - (-1 + 5) - -1).
0
Evaluate -1 - (-17 + 36 + -10).
-10
What is 26 - (-18 + 43) - (1 + -2 + 11)?
-9
What is (13 - 9 - -3) + -15 + 9?
1
What is the value of 18 + -36 - -10 - 0?
-8
Evaluate -14 + 1